?
19
Calculate the remainder when 150 is divided by 18.
6
Calculate the remainder when 4876 is divided by 1216.
12
Calculate the remainder when 384 is divided by 199.
185
What is the remainder when 744 is divided by 21?
9
What is the remainder when 4029 is divided by 192?
189
What is the remainder when 232 is divided by 71?
19
What is the remainder when 287 is divided by 75?
62
What is the remainder when 214 is divided by 55?
49
Calculate the remainder when 162 is divided by 9.
0
What is the remainder when 824 is divided by 69?
65
Calculate the remainder when 8635 is divided by 24.
19
Calculate the remainder when 9865 is divided by 23.
21
Calculate the remainder when 128 is divided by 29.
12
Calculate the remainder when 1730 is divided by 80.
50
What is the remainder when 44 is divided by 18?
8
Calculate the remainder when 73 is divided by 18.
1
Calculate the remainder when 101 is divided by 55.
46
What is the remainder when 735 is divided by 437?
298
What is the remainder when 793 is divided by 227?
112
What is the remainder when 1194 is divided by 29?
5
What is the remainder when 128 is divided by 33?
29
Calculate the remainder when 132 is divided by 24.
12
Calculate the remainder when 407 is divided by 103.
98
Calculate the remainder when 106 is divided by 57.
49
What is the remainder when 371 is divided by 186?
185
What is the remainder when 740 is divided by 50?
40
Calculate the remainder when 3441 is divided by 490.
11
Calculate the remainder when 597 is divided by 14.
9
What is the remainder when 121 is divided by 42?
37
What is the remainder when 145 is divided by 63?
19
Calculate the remainder when 277 is divided by 7.
4
What is the remainder when 229 is divided by 154?
75
Calculate the remainder when 154 is divided by 20.
14
What is the remainder when 75 is divided by 9?
3
Calculate the remainder when 342 is divided by 82.
14
What is the remainder when 647 is divided by 54?
53
Calculate the remainder when 3634 is divided by 17.
13
Calculate the remainder when 260 is divided by 152.
108
Calculate the remainder when 1264 is divided by 160.
144
What is the remainder when 1520 is divided by 139?
130
What is the remainder when 164 is divided by 44?
32
Calculate the remainder when 171 is divided by 59.
53
What is the remainder when 93 is divided by 67?
26
Calculate the remainder when 429 is divided by 16.
13
What is the remainder when 14209 is divided by 209?
206
What is the remainder when 813 is divided by 68?
65
Calculate the remainder when 629 is divided by 10.
9
What is the remainder when 160 is divided by 85?
75
Calculate the remainder when 6 is divided by 3.
0
What is the remainder when 802 is divided by 707?
95
Calculate the remainder when 15 is divided by 8.
7
What is the remainder when 64 is divided by 28?
8
Calculate the remainder when 324 is divided by 22.
16
Calculate the remainder when 281 is divided by 47.
46
What is the remainder when 106 is divided by 101?
5
What is the remainder when 3629 is divided by 66?
65
What is the remainder when 78 is divided by 22?
12
What is the remainder when 194 is divided by 13?
12
What is the remainder when 2590 is divided by 18?
16
Calculate the remainder when 270 is divided by 8.
6
Calculate the remainder when 136 is divided by 117.
19
What is the remainder when 130 is divided by 50?
30
Calculate the remainder when 268 is divided by 66.
4
Calculate the remainder when 1256 is divided by 253.
244
What is the remainder when 106 is divided by 10?
6
What is the remainder when 746 is divided by 70?
46
Calculate the remainder when 3039 is divided by 30.
9
Calculate the remainder when 505 is divided by 114.
49
What is the remainder when 124 is divided by 18?
16
Calculate the remainder when 12419 is divided by 289.
281
What is the remainder when 146 is divided by 52?
42
What is the remainder when 597 is divided by 149?
1
What is the remainder when 2126 is divided by 164?
158
Calculate the remainder when 131 is divided by 40.
11
What is the remainder when 945 is divided by 6?
3
Calculate the remainder when 1197 is divided by 25.
22
What is the remainder when 37859 is divided by 10?
9
Calculate the remainder when 499 is divided by 10.
9
Calculate the remainder when 506 is divided by 157.
35
What is the remainder when 467 is divided by 92?
7
What is the remainder when 2504 is divided by 157?
149
Calculate the remainder when 1266 is divided by 182.
174
What is the remainder when 18900 is divided by 33?
24
Calculate the remainder when 589 is divided by 15.
4
What is the remainder when 258 is divided by 11?
5
Calculate the remainder when 776 is divided by 52.
48
What is the remainder when 1277 is divided by 127?
7
What is the remainder when 174 is divided by 22?
20
What is the remainder when 2969 is divided by 33?
32
What is the remainder when 52 is divided by 28?
24
Calculate the remainder when 431 is divided by 14.
11
Calculate the remainder when 710 is divided by 89.
87
Calculate the remainder when 159 is divided by 27.
24
Calculate the remainder when 1112 is divided by 22.
12
What is the remainder when 171 is divided by 50?
21
What is the remainder when 34 is divided by 34?
0
Calculate the remainder when 1345 is divided by 189.
22
Calculate the remainder when 2726 is divided by 35.
31
What is the remainder when 14937 is divided by 166?
163
What is the remainder when 285 is divided by 29?
24
What is the remainder when 219 is divided by 103?
13
What is the remainder when 602 is divided by 101?
97
What is the remainder when 1469 is divided by 703?
63
Calculate the remainder when 1421 is divided by 1.
0
Calculate the remainder when 121 is divided by 114.
7
What is the remainder when 315 is divided by 127?
61
Calculate the remainder when 229 is divided by 72.
13
Calculate the remainder when 174 is divided by 44.
42
Calculate the remainder when 4722 is divided by 63.
60
Calculate the remainder when 924 is divided by 73.
48
Calculate the remainder when 279 is divided by 70.
69
What is the remainder when 436 is divided by 26?
20
What is the remainder when 335 is divided by 12?
11
Calculate the remainder when 129 is divided by 20.
9
Calculate the remainder when 449 is divided by 45.
44
What is the remainder when 1419 is divided by 467?
18
Calculate the remainder when 397 is divided by 124.
25
Calculate the remainder when 20 is divided by 13.
7
What is the remainder when 1615 is divided by 81?
76
What is the remainder when 119 is divided by 70?
49
What is the remainder when 73 is divided by 50?
23
Calculate the remainder when 143 is divided by 29.
27
Calculate the remainder when 78 is divided by 61.
17
What is the remainder when 403 is divided by 34?
29
What is the remainder when 599 is divided by 60?
59
Calculate the remainder when 145 is divided by 51.
43
What is the remainder when 5108 is divided by 15?
8
What is the remainder when 174 is divided by 28?
6
What is the remainder when 522 is divided by 15?
12
What is the remainder when 1826 is divided by 311?
271
What is the remainder when 6907 is divided by 25?
7
What is the remainder when 3692 is divided by 308?
304
Calculate the remainder when 560 is divided by 51.
50
Calculate the remainder when 2768 is divided by 18.
14
What is the remainder when 92 is divided by 25?
17
What is the remainder when 19921 is divided by 229?
227
What is the remainder when 1153 is divided by 145?
138
Calculate the remainder when 71 is divided by 9.
8
Calculate the remainder when 1097 is divided by 58.
53
Calculate the remainder when 10665 is divided by 127.
124
Calculate the remainder when 359 is divided by 35.
9
What is the remainder when 108 is divided by 55?
53
Calculate the remainder when 1247 is divided by 251.
243
Calculate the remainder when 31 is divided by 6.
1
What is the remainder when 494 is divided by 83?
79
Calculate the remainder when 7974 is divided by 145.
144
Calculate the remainder when 9381 is divided by 4685.
11
Calculate the remainder when 4064 is divided by 226.
222
Calculate the remainder when 147 is divided by 83.
64
Calculate the remainder when 77 is divided by 3.
2
Calculate the remainder when 56 is divided by 18.
2
What is the remainder when 84 is divided by 30?
24
What is the remainder when 91 is divided by 52?
39
Calculate the remainder when 88